{"id":16234,"date":"2024-03-08T12:05:44","date_gmt":"2024-03-08T15:05:44","guid":{"rendered":"https:\/\/eventurismo.com.uy\/lotengoshop\/?page_id=16234"},"modified":"2025-11-19T16:21:45","modified_gmt":"2025-11-19T19:21:45","slug":"servicios","status":"publish","type":"page","link":"https:\/\/eventurismo.com.uy\/lotengoshop\/servicios\/","title":{"rendered":"Beneficios &#038; Servicios"},"content":{"rendered":"\t\t<div data-elementor-type=\"wp-page\" data-elementor-id=\"16234\" class=\"elementor elementor-16234\" data-elementor-post-type=\"page\">\n\t\t\t\t<div class=\"elementor-element elementor-element-736c14b e-flex e-con-boxed e-con e-parent\" data-id=\"736c14b\" data-element_type=\"container\">\n\t\t\t\t\t<div class=\"e-con-inner\">\n\t\t\t\t<div class=\"elementor-element elementor-element-bcd8261 elementor-widget elementor-widget-heading\" data-id=\"bcd8261\" data-element_type=\"widget\" data-widget_type=\"heading.default\">\n\t\t\t\t<div class=\"elementor-widget-container\">\n\t\t\t\t\t<h1 class=\"elementor-heading-title elementor-size-default\">Beneficios <\/h1>\t\t\t\t<\/div>\n\t\t\t\t<\/div>\n\t\t\t\t\t<\/div>\n\t\t\t\t<\/div>\n\t\t<div class=\"elementor-element elementor-element-8229141 e-flex e-con-boxed e-con e-parent\" data-id=\"8229141\" data-element_type=\"container\">\n\t\t\t\t\t<div class=\"e-con-inner\">\n\t\t<div class=\"elementor-element elementor-element-1c179fa e-con-full e-flex e-con e-child\" data-id=\"1c179fa\" data-element_type=\"container\">\n\t\t<div class=\"elementor-element elementor-element-3c43d74 e-con-full e-flex e-con e-child\" data-id=\"3c43d74\" data-element_type=\"container\">\n\t\t\t\t<div class=\"elementor-element elementor-element-672841d elementor-widget elementor-widget-wd_text_block\" data-id=\"672841d\" data-element_type=\"widget\" data-widget_type=\"wd_text_block.default\">\n\t\t\t\t<div class=\"elementor-widget-container\">\n\t\t\t\t\t\t\t<div class=\"wd-text-block reset-last-child text-left\">\n\t\t\t\n\t\t\t<ul data-start=\"295\" data-end=\"2427\"><li data-start=\"295\" data-end=\"476\"><p data-start=\"297\" data-end=\"476\"><strong data-start=\"297\" data-end=\"332\">Acceso a la Plataforma Wellness<\/strong><br data-start=\"332\" data-end=\"335\" \/>Publicaci\u00f3n exclusiva de servicios, productos, actividades y experiencias de bienestar para llegar a una comunidad activa y en crecimiento.<\/p><\/li><li data-start=\"478\" data-end=\"634\"><p data-start=\"480\" data-end=\"634\"><strong data-start=\"480\" data-end=\"507\">Visibilidad y promoci\u00f3n<\/strong><br data-start=\"507\" data-end=\"510\" \/>Difusi\u00f3n de propuestas en los canales oficiales de ABITU, incluyendo web, redes sociales y comunicaciones institucionales.<\/p><\/li><li data-start=\"636\" data-end=\"806\"><p data-start=\"638\" data-end=\"806\"><strong data-start=\"638\" data-end=\"680\">Participaci\u00f3n en eventos y actividades<\/strong><br data-start=\"680\" data-end=\"683\" \/>Invitaci\u00f3n preferencial a encuentros, talleres, jornadas, capacitaciones, retiros y eventos nacionales e internacionales.<\/p><\/li><li data-start=\"808\" data-end=\"947\"><p data-start=\"810\" data-end=\"947\"><strong data-start=\"810\" data-end=\"836\">Networking profesional<\/strong><br data-start=\"836\" data-end=\"839\" \/>Integraci\u00f3n a una red nacional de profesionales, empresas, instituciones y agentes del bienestar integral.<\/p><\/li><li data-start=\"949\" data-end=\"1091\"><p data-start=\"951\" data-end=\"1091\"><strong data-start=\"951\" data-end=\"997\">Oportunidades de formaci\u00f3n y actualizaci\u00f3n<\/strong><br data-start=\"997\" data-end=\"1000\" \/>Acceso a programas de capacitaci\u00f3n, contenidos especializados y certificaciones de ABITU.<\/p><\/li><\/ul>\n\t\t\t\t\t<\/div>\n\t\t\t\t\t\t<\/div>\n\t\t\t\t<\/div>\n\t\t\t\t<\/div>\n\t\t\t\t<\/div>\n\t\t<div class=\"elementor-element elementor-element-33cf8ca e-con-full e-flex e-con e-child\" data-id=\"33cf8ca\" data-element_type=\"container\">\n\t\t\t\t<div class=\"elementor-element elementor-element-c1b642d elementor-widget elementor-widget-wd_text_block\" data-id=\"c1b642d\" data-element_type=\"widget\" data-widget_type=\"wd_text_block.default\">\n\t\t\t\t<div class=\"elementor-widget-container\">\n\t\t\t\t\t\t\t<div class=\"wd-text-block reset-last-child text-left\">\n\t\t\t\n\t\t\t<ul data-start=\"295\" data-end=\"2427\"><li data-start=\"1093\" data-end=\"1335\"><p data-start=\"1095\" data-end=\"1335\"><strong data-start=\"1095\" data-end=\"1139\">Participaci\u00f3n en actividades de la AITWH<\/strong><br data-start=\"1139\" data-end=\"1142\" \/>Acceso a actividades, formaciones, capacitaciones y encuentros organizados por la <strong data-start=\"1226\" data-end=\"1292\">Asociaci\u00f3n Iberoamericana de Turismo Wellness &amp; Health (AITWH)<\/strong> gracias al v\u00ednculo institucional de ABITU.<\/p><\/li><li data-start=\"1337\" data-end=\"1540\"><p data-start=\"1339\" data-end=\"1540\"><strong data-start=\"1339\" data-end=\"1396\">Membres\u00eda autom\u00e1tica en la AITWH para empresas socias<\/strong><br data-start=\"1396\" data-end=\"1399\" \/>Toda empresa que se afilie a ABITU ser\u00e1 tambi\u00e9n <strong data-start=\"1449\" data-end=\"1470\">socia de la AITWH<\/strong>, ampliando su proyecci\u00f3n internacional y oportunidades de desarrollo.<\/p><\/li><li data-start=\"1542\" data-end=\"1716\"><p data-start=\"1544\" data-end=\"1716\"><strong data-start=\"1544\" data-end=\"1582\">Descuentos y beneficios exclusivos<\/strong><br data-start=\"1582\" data-end=\"1585\" \/>Condiciones especiales en eventos, actividades, experiencias y alianzas estrat\u00e9gicas vinculadas al bienestar y la transformaci\u00f3n.<\/p><\/li><li data-start=\"1718\" data-end=\"1910\"><p data-start=\"1720\" data-end=\"1910\"><strong data-start=\"1720\" data-end=\"1752\">Representaci\u00f3n institucional<\/strong><br data-start=\"1752\" data-end=\"1755\" \/>ABITU act\u00faa como voz colectiva ante entidades p\u00fablicas, privadas y redes internacionales, fortaleciendo la presencia del sector en Uruguay y el exterior.<\/p><\/li><li data-start=\"1912\" data-end=\"2066\"><p data-start=\"1914\" data-end=\"2066\"><strong data-start=\"1914\" data-end=\"1957\">Participaci\u00f3n en proyectos y comisiones<\/strong><br data-start=\"1957\" data-end=\"1960\" \/>Posibilidad de integrar grupos de trabajo, iniciativas territoriales y proyectos de impacto comunitario.<\/p><\/li><li data-start=\"2068\" data-end=\"2238\"><p data-start=\"2070\" data-end=\"2238\"><strong data-start=\"2070\" data-end=\"2122\">Acompa\u00f1amiento y apoyo al desarrollo profesional<\/strong><br data-start=\"2122\" data-end=\"2125\" \/>Orientaci\u00f3n a asociados en la mejora, formalizaci\u00f3n o crecimiento de emprendimientos y propuestas de bienestar.<\/p><\/li><li data-start=\"2240\" data-end=\"2427\"><p data-start=\"2242\" data-end=\"2427\"><strong data-start=\"2242\" data-end=\"2291\">Pertenencia a una comunidad de transformaci\u00f3n<\/strong><br data-start=\"2291\" data-end=\"2294\" \/>Ser parte activa de un movimiento que impulsa el bienestar integral y contribuye a la mejora de la calidad de vida en todo el pa\u00eds.<\/p><\/li><\/ul>\n\t\t\t\t\t<\/div>\n\t\t\t\t\t\t<\/div>\n\t\t\t\t<\/div>\n\t\t\t\t<div class=\"elementor-element elementor-element-621f62c elementor-widget__width-auto elementor-widget elementor-widget-wd_button\" data-id=\"621f62c\" data-element_type=\"widget\" data-widget_type=\"wd_button.default\">\n\t\t\t\t<div class=\"elementor-widget-container\">\n\t\t\t\t\t\t\t<div class=\"wd-button-wrapper text-left\" >\n\t\t\t<a class=\"btn btn-style-default btn-style-semi-round btn-size-default btn-color-alt btn-icon-pos-right\"  href=\"https:\/\/wa.me\/+59897496297\" target=\"_blank\">\n\t\t\t\t<span class=\"wd-btn-text\" data-elementor-setting-key=\"text\">\n\t\t\t\t\tPor m\u00e0s info\t\t\t\t<\/span>\n\n\t\t\t\t\t\t\t\t\t<span class=\"wd-btn-icon\">\n\t\t\t\t\t\t<svg class=\"wd-icon e-font-icon-svg e-fab-whatsapp\" viewBox=\"0 0 448 512\" xmlns=\"http:\/\/www.w3.org\/2000\/svg\"><path d=\"M380.9 97.1C339 55.1 283.2 32 223.9 32c-122.4 0-222 99.6-222 222 0 39.1 10.2 77.3 29.6 111L0 480l117.7-30.9c32.4 17.7 68.9 27 106.1 27h.1c122.3 0 224.1-99.6 224.1-222 0-59.3-25.2-115-67.1-157zm-157 341.6c-33.2 0-65.7-8.9-94-25.7l-6.7-4-69.8 18.3L72 359.2l-4.4-7c-18.5-29.4-28.2-63.3-28.2-98.2 0-101.7 82.8-184.5 184.6-184.5 49.3 0 95.6 19.2 130.4 54.1 34.8 34.9 56.2 81.2 56.1 130.5 0 101.8-84.9 184.6-186.6 184.6zm101.2-138.2c-5.5-2.8-32.8-16.2-37.9-18-5.1-1.9-8.8-2.8-12.5 2.8-3.7 5.6-14.3 18-17.6 21.8-3.2 3.7-6.5 4.2-12 1.4-32.6-16.3-54-29.1-75.5-66-5.7-9.8 5.7-9.1 16.3-30.3 1.8-3.7.9-6.9-.5-9.7-1.4-2.8-12.5-30.1-17.1-41.2-4.5-10.8-9.1-9.3-12.5-9.5-3.2-.2-6.9-.2-10.6-.2-3.7 0-9.7 1.4-14.8 6.9-5.1 5.6-19.4 19-19.4 46.3 0 27.3 19.9 53.7 22.6 57.4 2.8 3.7 39.1 59.7 94.8 83.8 35.2 15.2 49 16.5 66.6 13.9 10.7-1.6 32.8-13.4 37.4-26.4 4.6-13 4.6-24.1 3.2-26.4-1.3-2.5-5-3.9-10.5-6.6z\"><\/path><\/svg>\t\t\t\t\t<\/span>\n\t\t\t\t\t\t\t<\/a>\n\t\t<\/div>\n\t\t\t\t\t\t<\/div>\n\t\t\t\t<\/div>\n\t\t\t\t<\/div>\n\t\t\t\t\t<\/div>\n\t\t\t\t<\/div>\n\t\t<div class=\"elementor-element elementor-element-6e33963 e-flex e-con-boxed e-con e-parent\" data-id=\"6e33963\" data-element_type=\"container\">\n\t\t\t\t\t<div class=\"e-con-inner\">\n\t\t<div class=\"elementor-element elementor-element-0f36316 e-con-full e-flex e-con e-child\" data-id=\"0f36316\" data-element_type=\"container\">\n\t\t\t\t<div class=\"elementor-element elementor-element-21ce963 elementor-widget-tablet__width-inherit wd-width-100 elementor-widget elementor-widget-wd_title\" data-id=\"21ce963\" data-element_type=\"widget\" data-widget_type=\"wd_title.default\">\n\t\t\t\t<div class=\"elementor-widget-container\">\n\t\t\t\t\t\t\t<div class=\"title-wrapper set-mb-s reset-last-child wd-title-color-primary wd-title-style-default wd-title-size-large text-left\">\n\n\t\t\t\t\t\t\t<div class=\"title-subtitle subtitle-color-primary subtitle-style-default wd-fontsize-xs\">\n\t\t\t\t\tPortal Wellness de A.B.I.T.U.\t\t\t\t<\/div>\n\t\t\t\n\t\t\t<div class=\"liner-continer\">\n\t\t\t\t<h1 class=\"woodmart-title-container title wd-fontsize-xxl\">Nuestros servicios y productos <\/h1> \n\t\t\t\t\t\t\t<\/div>\n\n\t\t\t\t\t<\/div>\n\t\t\t\t\t\t<\/div>\n\t\t\t\t<\/div>\n\t\t\t\t<div class=\"elementor-element elementor-element-2496ca6 elementor-widget elementor-widget-wd_text_block\" data-id=\"2496ca6\" data-element_type=\"widget\" data-widget_type=\"wd_text_block.default\">\n\t\t\t\t<div class=\"elementor-widget-container\">\n\t\t\t\t\t\t\t<div class=\"wd-text-block reset-last-child text-left\">\n\t\t\t\n\t\t\t<p>En nuestro cat\u00e1logo encontrar\u00e1s una cuidada selecci\u00f3n de productos y servicios pensados para tu bienestar. Ofrecemos desde terapias individuales y grupales, actividades recreativas y de crecimiento personal, hasta experiencias de viaje dise\u00f1adas para reconectar contigo mismo y con la naturaleza. Ya sea que est\u00e9s buscando relajarte, renovarte o vivir nuevas experiencias, estamos aqu\u00ed para acompa\u00f1arte en tu camino hacia una vida m\u00e1s plena y equilibrada.<\/p>\n\t\t\t\t\t<\/div>\n\t\t\t\t\t\t<\/div>\n\t\t\t\t<\/div>\n\t\t\t\t<div class=\"elementor-element elementor-element-6e2b7bc elementor-widget__width-auto elementor-widget elementor-widget-wd_button\" data-id=\"6e2b7bc\" data-element_type=\"widget\" data-widget_type=\"wd_button.default\">\n\t\t\t\t<div class=\"elementor-widget-container\">\n\t\t\t\t\t\t\t<div class=\"wd-button-wrapper text-left\" >\n\t\t\t<a class=\"btn btn-style-default btn-style-semi-round btn-size-default btn-color-alt btn-icon-pos-right\"  href=\"https:\/\/wa.me\/+59897496297\" target=\"_blank\">\n\t\t\t\t<span class=\"wd-btn-text\" data-elementor-setting-key=\"text\">\n\t\t\t\t\tPor m\u00e0s info\t\t\t\t<\/span>\n\n\t\t\t\t\t\t\t\t\t<span class=\"wd-btn-icon\">\n\t\t\t\t\t\t<svg class=\"wd-icon e-font-icon-svg e-fab-whatsapp\" viewBox=\"0 0 448 512\" xmlns=\"http:\/\/www.w3.org\/2000\/svg\"><path d=\"M380.9 97.1C339 55.1 283.2 32 223.9 32c-122.4 0-222 99.6-222 222 0 39.1 10.2 77.3 29.6 111L0 480l117.7-30.9c32.4 17.7 68.9 27 106.1 27h.1c122.3 0 224.1-99.6 224.1-222 0-59.3-25.2-115-67.1-157zm-157 341.6c-33.2 0-65.7-8.9-94-25.7l-6.7-4-69.8 18.3L72 359.2l-4.4-7c-18.5-29.4-28.2-63.3-28.2-98.2 0-101.7 82.8-184.5 184.6-184.5 49.3 0 95.6 19.2 130.4 54.1 34.8 34.9 56.2 81.2 56.1 130.5 0 101.8-84.9 184.6-186.6 184.6zm101.2-138.2c-5.5-2.8-32.8-16.2-37.9-18-5.1-1.9-8.8-2.8-12.5 2.8-3.7 5.6-14.3 18-17.6 21.8-3.2 3.7-6.5 4.2-12 1.4-32.6-16.3-54-29.1-75.5-66-5.7-9.8 5.7-9.1 16.3-30.3 1.8-3.7.9-6.9-.5-9.7-1.4-2.8-12.5-30.1-17.1-41.2-4.5-10.8-9.1-9.3-12.5-9.5-3.2-.2-6.9-.2-10.6-.2-3.7 0-9.7 1.4-14.8 6.9-5.1 5.6-19.4 19-19.4 46.3 0 27.3 19.9 53.7 22.6 57.4 2.8 3.7 39.1 59.7 94.8 83.8 35.2 15.2 49 16.5 66.6 13.9 10.7-1.6 32.8-13.4 37.4-26.4 4.6-13 4.6-24.1 3.2-26.4-1.3-2.5-5-3.9-10.5-6.6z\"><\/path><\/svg>\t\t\t\t\t<\/span>\n\t\t\t\t\t\t\t<\/a>\n\t\t<\/div>\n\t\t\t\t\t\t<\/div>\n\t\t\t\t<\/div>\n\t\t\t\t<\/div>\n\t\t<div class=\"elementor-element elementor-element-cfebfa1 e-con-full e-flex e-con e-child\" data-id=\"cfebfa1\" data-element_type=\"container\">\n\t\t<div class=\"elementor-element elementor-element-a50cfa0 e-con-full elementor-hidden-mobile e-flex e-con e-child\" data-id=\"a50cfa0\" data-element_type=\"container\" data-settings=\"{&quot;background_background&quot;:&quot;classic&quot;}\">\n\t\t\t\t<div class=\"elementor-element elementor-element-354164b elementor-widget elementor-widget-spacer\" data-id=\"354164b\" data-element_type=\"widget\" data-widget_type=\"spacer.default\">\n\t\t\t\t<div class=\"elementor-widget-container\">\n\t\t\t\t\t\t\t<div class=\"elementor-spacer\">\n\t\t\t<div class=\"elementor-spacer-inner\"><\/div>\n\t\t<\/div>\n\t\t\t\t\t\t<\/div>\n\t\t\t\t<\/div>\n\t\t\t\t<\/div>\n\t\t\t\t<\/div>\n\t\t\t\t\t<\/div>\n\t\t\t\t<\/div>\n\t\t\t\t<\/div>\n\t\t","protected":false},"excerpt":{"rendered":"<p>Beneficios Acceso a la Plataforma WellnessPublicaci\u00f3n exclusiva de servicios, productos, actividades y experiencias de bienestar para llegar a una comunidad<\/p>\n","protected":false},"author":3,"featured_media":0,"parent":0,"menu_order":0,"comment_status":"closed","ping_status":"closed","template":"elementor_header_footer","meta":{"footnotes":""},"class_list":["post-16234","page","type-page","status-publish","hentry"],"yoast_head":"<!-- This site is optimized with the Yoast SEO plugin v24.5 - https:\/\/yoast.com\/wordpress\/plugins\/seo\/ -->\n<title>Beneficios &amp; Servicios - A.B.I.T.U.<\/title>\n<meta name=\"robots\" content=\"index, follow, max-snippet:-1, max-image-preview:large, max-video-preview:-1\" \/>\n<link rel=\"canonical\" href=\"https:\/\/eventurismo.com.uy\/lotengoshop\/servicios\/\" \/>\n<meta property=\"og:locale\" content=\"es_ES\" \/>\n<meta property=\"og:type\" content=\"article\" \/>\n<meta property=\"og:title\" content=\"Beneficios &amp; Servicios - A.B.I.T.U.\" \/>\n<meta property=\"og:description\" content=\"Beneficios Acceso a la Plataforma WellnessPublicaci\u00f3n exclusiva de servicios, productos, actividades y experiencias de bienestar para llegar a una comunidad\" \/>\n<meta property=\"og:url\" content=\"https:\/\/eventurismo.com.uy\/lotengoshop\/servicios\/\" \/>\n<meta property=\"og:site_name\" content=\"A.B.I.T.U.\" \/>\n<meta property=\"article:publisher\" content=\"https:\/\/www.facebook.com\/lotengo.uy\" \/>\n<meta property=\"article:modified_time\" content=\"2025-11-19T19:21:45+00:00\" \/>\n<meta name=\"twitter:card\" content=\"summary_large_image\" \/>\n<meta name=\"twitter:label1\" content=\"Tiempo de lectura\" \/>\n\t<meta name=\"twitter:data1\" content=\"2 minutos\" \/>\n<script type=\"application\/ld+json\" class=\"yoast-schema-graph\">{\"@context\":\"https:\/\/schema.org\",\"@graph\":[{\"@type\":\"WebPage\",\"@id\":\"https:\/\/eventurismo.com.uy\/lotengoshop\/servicios\/\",\"url\":\"https:\/\/eventurismo.com.uy\/lotengoshop\/servicios\/\",\"name\":\"Beneficios & Servicios - A.B.I.T.U.\",\"isPartOf\":{\"@id\":\"https:\/\/eventurismo.com.uy\/lotengoshop\/#website\"},\"datePublished\":\"2024-03-08T15:05:44+00:00\",\"dateModified\":\"2025-11-19T19:21:45+00:00\",\"breadcrumb\":{\"@id\":\"https:\/\/eventurismo.com.uy\/lotengoshop\/servicios\/#breadcrumb\"},\"inLanguage\":\"es\",\"potentialAction\":[{\"@type\":\"ReadAction\",\"target\":[\"https:\/\/eventurismo.com.uy\/lotengoshop\/servicios\/\"]}]},{\"@type\":\"BreadcrumbList\",\"@id\":\"https:\/\/eventurismo.com.uy\/lotengoshop\/servicios\/#breadcrumb\",\"itemListElement\":[{\"@type\":\"ListItem\",\"position\":1,\"name\":\"Portada\",\"item\":\"https:\/\/eventurismo.com.uy\/lotengoshop\/\"},{\"@type\":\"ListItem\",\"position\":2,\"name\":\"Beneficios &#038; Servicios\"}]},{\"@type\":\"WebSite\",\"@id\":\"https:\/\/eventurismo.com.uy\/lotengoshop\/#website\",\"url\":\"https:\/\/eventurismo.com.uy\/lotengoshop\/\",\"name\":\"Lo Tengo shop\",\"description\":\"Asociacion de Bienestar Integral y Transformaci\u00f3n del Uruguay\",\"publisher\":{\"@id\":\"https:\/\/eventurismo.com.uy\/lotengoshop\/#organization\"},\"potentialAction\":[{\"@type\":\"SearchAction\",\"target\":{\"@type\":\"EntryPoint\",\"urlTemplate\":\"https:\/\/eventurismo.com.uy\/lotengoshop\/?s={search_term_string}\"},\"query-input\":{\"@type\":\"PropertyValueSpecification\",\"valueRequired\":true,\"valueName\":\"search_term_string\"}}],\"inLanguage\":\"es\"},{\"@type\":\"Organization\",\"@id\":\"https:\/\/eventurismo.com.uy\/lotengoshop\/#organization\",\"name\":\"Lo Tengo shop\",\"url\":\"https:\/\/eventurismo.com.uy\/lotengoshop\/\",\"logo\":{\"@type\":\"ImageObject\",\"inLanguage\":\"es\",\"@id\":\"https:\/\/eventurismo.com.uy\/lotengoshop\/#\/schema\/logo\/image\/\",\"url\":\"\",\"contentUrl\":\"\",\"caption\":\"Lo Tengo shop\"},\"image\":{\"@id\":\"https:\/\/eventurismo.com.uy\/lotengoshop\/#\/schema\/logo\/image\/\"},\"sameAs\":[\"https:\/\/www.facebook.com\/lotengo.uy\",\"https:\/\/www.instagram.com\/lotengo.uy\/\"]}]}<\/script>\n<!-- \/ Yoast SEO plugin. -->","yoast_head_json":{"title":"Beneficios & Servicios - A.B.I.T.U.","robots":{"index":"index","follow":"follow","max-snippet":"max-snippet:-1","max-image-preview":"max-image-preview:large","max-video-preview":"max-video-preview:-1"},"canonical":"https:\/\/eventurismo.com.uy\/lotengoshop\/servicios\/","og_locale":"es_ES","og_type":"article","og_title":"Beneficios & Servicios - A.B.I.T.U.","og_description":"Beneficios Acceso a la Plataforma WellnessPublicaci\u00f3n exclusiva de servicios, productos, actividades y experiencias de bienestar para llegar a una comunidad","og_url":"https:\/\/eventurismo.com.uy\/lotengoshop\/servicios\/","og_site_name":"A.B.I.T.U.","article_publisher":"https:\/\/www.facebook.com\/lotengo.uy","article_modified_time":"2025-11-19T19:21:45+00:00","twitter_card":"summary_large_image","twitter_misc":{"Tiempo de lectura":"2 minutos"},"schema":{"@context":"https:\/\/schema.org","@graph":[{"@type":"WebPage","@id":"https:\/\/eventurismo.com.uy\/lotengoshop\/servicios\/","url":"https:\/\/eventurismo.com.uy\/lotengoshop\/servicios\/","name":"Beneficios & Servicios - A.B.I.T.U.","isPartOf":{"@id":"https:\/\/eventurismo.com.uy\/lotengoshop\/#website"},"datePublished":"2024-03-08T15:05:44+00:00","dateModified":"2025-11-19T19:21:45+00:00","breadcrumb":{"@id":"https:\/\/eventurismo.com.uy\/lotengoshop\/servicios\/#breadcrumb"},"inLanguage":"es","potentialAction":[{"@type":"ReadAction","target":["https:\/\/eventurismo.com.uy\/lotengoshop\/servicios\/"]}]},{"@type":"BreadcrumbList","@id":"https:\/\/eventurismo.com.uy\/lotengoshop\/servicios\/#breadcrumb","itemListElement":[{"@type":"ListItem","position":1,"name":"Portada","item":"https:\/\/eventurismo.com.uy\/lotengoshop\/"},{"@type":"ListItem","position":2,"name":"Beneficios &#038; Servicios"}]},{"@type":"WebSite","@id":"https:\/\/eventurismo.com.uy\/lotengoshop\/#website","url":"https:\/\/eventurismo.com.uy\/lotengoshop\/","name":"Lo Tengo shop","description":"Asociacion de Bienestar Integral y Transformaci\u00f3n del Uruguay","publisher":{"@id":"https:\/\/eventurismo.com.uy\/lotengoshop\/#organization"},"potentialAction":[{"@type":"SearchAction","target":{"@type":"EntryPoint","urlTemplate":"https:\/\/eventurismo.com.uy\/lotengoshop\/?s={search_term_string}"},"query-input":{"@type":"PropertyValueSpecification","valueRequired":true,"valueName":"search_term_string"}}],"inLanguage":"es"},{"@type":"Organization","@id":"https:\/\/eventurismo.com.uy\/lotengoshop\/#organization","name":"Lo Tengo shop","url":"https:\/\/eventurismo.com.uy\/lotengoshop\/","logo":{"@type":"ImageObject","inLanguage":"es","@id":"https:\/\/eventurismo.com.uy\/lotengoshop\/#\/schema\/logo\/image\/","url":"","contentUrl":"","caption":"Lo Tengo shop"},"image":{"@id":"https:\/\/eventurismo.com.uy\/lotengoshop\/#\/schema\/logo\/image\/"},"sameAs":["https:\/\/www.facebook.com\/lotengo.uy","https:\/\/www.instagram.com\/lotengo.uy\/"]}]}},"_links":{"self":[{"href":"https:\/\/eventurismo.com.uy\/lotengoshop\/wp-json\/wp\/v2\/pages\/16234","targetHints":{"allow":["GET"]}}],"collection":[{"href":"https:\/\/eventurismo.com.uy\/lotengoshop\/wp-json\/wp\/v2\/pages"}],"about":[{"href":"https:\/\/eventurismo.com.uy\/lotengoshop\/wp-json\/wp\/v2\/types\/page"}],"author":[{"embeddable":true,"href":"https:\/\/eventurismo.com.uy\/lotengoshop\/wp-json\/wp\/v2\/users\/3"}],"replies":[{"embeddable":true,"href":"https:\/\/eventurismo.com.uy\/lotengoshop\/wp-json\/wp\/v2\/comments?post=16234"}],"version-history":[{"count":68,"href":"https:\/\/eventurismo.com.uy\/lotengoshop\/wp-json\/wp\/v2\/pages\/16234\/revisions"}],"predecessor-version":[{"id":16989,"href":"https:\/\/eventurismo.com.uy\/lotengoshop\/wp-json\/wp\/v2\/pages\/16234\/revisions\/16989"}],"wp:attachment":[{"href":"https:\/\/eventurismo.com.uy\/lotengoshop\/wp-json\/wp\/v2\/media?parent=16234"}],"curies":[{"name":"wp","href":"https:\/\/api.w.org\/{rel}","templated":true}]}}