{"id":16820,"date":"2025-07-28T20:04:16","date_gmt":"2025-07-28T23:04:16","guid":{"rendered":"https:\/\/eventurismo.com.uy\/lotengoshop\/?post_type=product&#038;p=16820"},"modified":"2026-03-09T09:56:27","modified_gmt":"2026-03-09T12:56:27","slug":"acompanamiento-en-tu-ciclicidad-femenina","status":"publish","type":"product","link":"https:\/\/eventurismo.com.uy\/lotengoshop\/producto\/wellness-health\/terapias\/acompanamiento-en-tu-ciclicidad-femenina\/","title":{"rendered":"Acompa\u00f1amiento en tu Ciclicidad Femenina"},"content":{"rendered":"<p>\ud83c\udf15\u2728 Acompa\u00f1amiento en tu Ciclicidad Femenina \u2728\ud83c\udf15<\/p>\n<p>4 sesiones \u00edntimas y personalizadas para reconectar con tu sabidur\u00eda c\u00edclica, sin importar si menstr\u00faas o no. Porque todas somos c\u00edclicas, y el camino hacia el autoconocimiento comienza por escucharnos.<\/p>\n<p>\ud83d\udcab En cada encuentro exploraremos una de las 4 fases del ciclo femenino desde el momento vital que est\u00e9s atravesando, con amor, conciencia y respeto por tu historia.<\/p>\n<p>La medicina tradicional olvida que somos mujeres, que transitamos fases, que nuestras emociones, energ\u00eda y cuerpo no son lineales. Aqu\u00ed, en este espacio seguro y amoroso, s\u00ed se honra tu naturaleza.<\/p>\n<p>\ud83c\udf31 \u00bfQu\u00e9 recibir\u00e1s?<br \/>\n\u2714 Herramientas pr\u00e1cticas para comenzar a investigarte.<br \/>\n\u2714 Espacios de escucha y expresi\u00f3n emocional.<br \/>\n\u2714 Gu\u00eda para reconocer tus momentos de descanso, luz, creatividad y acci\u00f3n.<br \/>\n\u2714 Estrategias para dejar de drenar tu energ\u00eda en momentos que deber\u00edas volver a ti.<br \/>\n\u2714 Acompa\u00f1amiento para florecer desde tus fases m\u00e1s luminosas.<\/p>\n<p>No es debilidad. No es insuficiencia. Es ciclicidad.<br \/>\nY ha llegado el momento de romper con el tab\u00fa y reconciliarte con ella.<\/p>\n","protected":false},"excerpt":{"rendered":"<p>4 sesiones personalizadas \u2013 60 minutos cada una<\/p>\n<p>\ud83d\udcc5 Horarios a coordinar<\/p>\n<p>\u23f3 Duraci\u00f3n del bono: 1 semana para agendarse luego de la compra.<\/p>\n<p>\u2757 Cancelaciones con m\u00ednimo 24 hs de anticipaci\u00f3n, de lo contrario se pierde la sesi\u00f3n<\/p>\n","protected":false},"featured_media":16821,"template":"","meta":[],"product_brand":[],"product_cat":[107,84,111],"product_tag":[112],"class_list":{"0":"post-16820","1":"product","2":"type-product","3":"status-publish","4":"has-post-thumbnail","6":"product_cat-bienestar","7":"product_cat-terapias","8":"product_cat-wellness-health","9":"product_tag-terapias-alternativas","11":"first","12":"instock","13":"shipping-taxable","14":"purchasable","15":"product-type-simple"},"yoast_head":"<!-- This site is optimized with the Yoast SEO plugin v24.5 - https:\/\/yoast.com\/wordpress\/plugins\/seo\/ -->\n<title>Acompa\u00f1amiento en tu Ciclicidad Femenina - A.B.I.T.U.<\/title>\n<meta name=\"robots\" content=\"index, follow, max-snippet:-1, max-image-preview:large, max-video-preview:-1\" \/>\n<link rel=\"canonical\" href=\"https:\/\/eventurismo.com.uy\/lotengoshop\/producto\/wellness-health\/terapias\/acompanamiento-en-tu-ciclicidad-femenina\/\" \/>\n<meta property=\"og:locale\" content=\"es_ES\" \/>\n<meta property=\"og:type\" content=\"article\" \/>\n<meta property=\"og:title\" content=\"Acompa\u00f1amiento en tu Ciclicidad Femenina - A.B.I.T.U.\" \/>\n<meta property=\"og:description\" content=\"4 sesiones personalizadas \u2013 60 minutos cada una  \ud83d\udcc5 Horarios a coordinar  \u23f3 Duraci\u00f3n del bono: 1 semana para agendarse luego de la compra.  \u2757 Cancelaciones con m\u00ednimo 24 hs de anticipaci\u00f3n, de lo contrario se pierde la sesi\u00f3n\" \/>\n<meta property=\"og:url\" content=\"https:\/\/eventurismo.com.uy\/lotengoshop\/producto\/wellness-health\/terapias\/acompanamiento-en-tu-ciclicidad-femenina\/\" \/>\n<meta property=\"og:site_name\" content=\"A.B.I.T.U.\" \/>\n<meta property=\"article:publisher\" content=\"https:\/\/www.facebook.com\/lotengo.uy\" \/>\n<meta property=\"article:modified_time\" content=\"2026-03-09T12:56:27+00:00\" \/>\n<meta property=\"og:image\" content=\"https:\/\/eventurismo.com.uy\/lotengoshop\/wp-content\/uploads\/2025\/07\/5b1f07bd-2d01-4929-8229-a069e4047a6c.jpeg\" \/>\n\t<meta property=\"og:image:width\" content=\"1080\" \/>\n\t<meta property=\"og:image:height\" content=\"1320\" \/>\n\t<meta property=\"og:image:type\" content=\"image\/jpeg\" \/>\n<meta name=\"twitter:card\" content=\"summary_large_image\" \/>\n<meta name=\"twitter:label1\" content=\"Tiempo de lectura\" \/>\n\t<meta name=\"twitter:data1\" content=\"1 minuto\" \/>\n<script type=\"application\/ld+json\" class=\"yoast-schema-graph\">{\"@context\":\"https:\/\/schema.org\",\"@graph\":[{\"@type\":\"WebPage\",\"@id\":\"https:\/\/eventurismo.com.uy\/lotengoshop\/producto\/wellness-health\/terapias\/acompanamiento-en-tu-ciclicidad-femenina\/\",\"url\":\"https:\/\/eventurismo.com.uy\/lotengoshop\/producto\/wellness-health\/terapias\/acompanamiento-en-tu-ciclicidad-femenina\/\",\"name\":\"Acompa\u00f1amiento en tu Ciclicidad Femenina - A.B.I.T.U.\",\"isPartOf\":{\"@id\":\"https:\/\/eventurismo.com.uy\/lotengoshop\/#website\"},\"primaryImageOfPage\":{\"@id\":\"https:\/\/eventurismo.com.uy\/lotengoshop\/producto\/wellness-health\/terapias\/acompanamiento-en-tu-ciclicidad-femenina\/#primaryimage\"},\"image\":{\"@id\":\"https:\/\/eventurismo.com.uy\/lotengoshop\/producto\/wellness-health\/terapias\/acompanamiento-en-tu-ciclicidad-femenina\/#primaryimage\"},\"thumbnailUrl\":\"https:\/\/eventurismo.com.uy\/lotengoshop\/wp-content\/uploads\/2025\/07\/5b1f07bd-2d01-4929-8229-a069e4047a6c.jpeg\",\"datePublished\":\"2025-07-28T23:04:16+00:00\",\"dateModified\":\"2026-03-09T12:56:27+00:00\",\"breadcrumb\":{\"@id\":\"https:\/\/eventurismo.com.uy\/lotengoshop\/producto\/wellness-health\/terapias\/acompanamiento-en-tu-ciclicidad-femenina\/#breadcrumb\"},\"inLanguage\":\"es\",\"potentialAction\":[{\"@type\":\"ReadAction\",\"target\":[\"https:\/\/eventurismo.com.uy\/lotengoshop\/producto\/wellness-health\/terapias\/acompanamiento-en-tu-ciclicidad-femenina\/\"]}]},{\"@type\":\"ImageObject\",\"inLanguage\":\"es\",\"@id\":\"https:\/\/eventurismo.com.uy\/lotengoshop\/producto\/wellness-health\/terapias\/acompanamiento-en-tu-ciclicidad-femenina\/#primaryimage\",\"url\":\"https:\/\/eventurismo.com.uy\/lotengoshop\/wp-content\/uploads\/2025\/07\/5b1f07bd-2d01-4929-8229-a069e4047a6c.jpeg\",\"contentUrl\":\"https:\/\/eventurismo.com.uy\/lotengoshop\/wp-content\/uploads\/2025\/07\/5b1f07bd-2d01-4929-8229-a069e4047a6c.jpeg\",\"width\":1080,\"height\":1320},{\"@type\":\"BreadcrumbList\",\"@id\":\"https:\/\/eventurismo.com.uy\/lotengoshop\/producto\/wellness-health\/terapias\/acompanamiento-en-tu-ciclicidad-femenina\/#breadcrumb\",\"itemListElement\":[{\"@type\":\"ListItem\",\"position\":1,\"name\":\"Portada\",\"item\":\"https:\/\/eventurismo.com.uy\/lotengoshop\/\"},{\"@type\":\"ListItem\",\"position\":2,\"name\":\"Plataforma Wellness\",\"item\":\"https:\/\/eventurismo.com.uy\/lotengoshop\/tienda\/\"},{\"@type\":\"ListItem\",\"position\":3,\"name\":\"Acompa\u00f1amiento en tu Ciclicidad Femenina\"}]},{\"@type\":\"WebSite\",\"@id\":\"https:\/\/eventurismo.com.uy\/lotengoshop\/#website\",\"url\":\"https:\/\/eventurismo.com.uy\/lotengoshop\/\",\"name\":\"Lo Tengo shop\",\"description\":\"Asociacion de Bienestar Integral y Transformaci\u00f3n del Uruguay\",\"publisher\":{\"@id\":\"https:\/\/eventurismo.com.uy\/lotengoshop\/#organization\"},\"potentialAction\":[{\"@type\":\"SearchAction\",\"target\":{\"@type\":\"EntryPoint\",\"urlTemplate\":\"https:\/\/eventurismo.com.uy\/lotengoshop\/?s={search_term_string}\"},\"query-input\":{\"@type\":\"PropertyValueSpecification\",\"valueRequired\":true,\"valueName\":\"search_term_string\"}}],\"inLanguage\":\"es\"},{\"@type\":\"Organization\",\"@id\":\"https:\/\/eventurismo.com.uy\/lotengoshop\/#organization\",\"name\":\"Lo Tengo shop\",\"url\":\"https:\/\/eventurismo.com.uy\/lotengoshop\/\",\"logo\":{\"@type\":\"ImageObject\",\"inLanguage\":\"es\",\"@id\":\"https:\/\/eventurismo.com.uy\/lotengoshop\/#\/schema\/logo\/image\/\",\"url\":\"\",\"contentUrl\":\"\",\"caption\":\"Lo Tengo shop\"},\"image\":{\"@id\":\"https:\/\/eventurismo.com.uy\/lotengoshop\/#\/schema\/logo\/image\/\"},\"sameAs\":[\"https:\/\/www.facebook.com\/lotengo.uy\",\"https:\/\/www.instagram.com\/lotengo.uy\/\"]}]}<\/script>\n<!-- \/ Yoast SEO plugin. -->","yoast_head_json":{"title":"Acompa\u00f1amiento en tu Ciclicidad Femenina - A.B.I.T.U.","robots":{"index":"index","follow":"follow","max-snippet":"max-snippet:-1","max-image-preview":"max-image-preview:large","max-video-preview":"max-video-preview:-1"},"canonical":"https:\/\/eventurismo.com.uy\/lotengoshop\/producto\/wellness-health\/terapias\/acompanamiento-en-tu-ciclicidad-femenina\/","og_locale":"es_ES","og_type":"article","og_title":"Acompa\u00f1amiento en tu Ciclicidad Femenina - A.B.I.T.U.","og_description":"4 sesiones personalizadas \u2013 60 minutos cada una  \ud83d\udcc5 Horarios a coordinar  \u23f3 Duraci\u00f3n del bono: 1 semana para agendarse luego de la compra.  \u2757 Cancelaciones con m\u00ednimo 24 hs de anticipaci\u00f3n, de lo contrario se pierde la sesi\u00f3n","og_url":"https:\/\/eventurismo.com.uy\/lotengoshop\/producto\/wellness-health\/terapias\/acompanamiento-en-tu-ciclicidad-femenina\/","og_site_name":"A.B.I.T.U.","article_publisher":"https:\/\/www.facebook.com\/lotengo.uy","article_modified_time":"2026-03-09T12:56:27+00:00","og_image":[{"width":1080,"height":1320,"url":"https:\/\/eventurismo.com.uy\/lotengoshop\/wp-content\/uploads\/2025\/07\/5b1f07bd-2d01-4929-8229-a069e4047a6c.jpeg","type":"image\/jpeg"}],"twitter_card":"summary_large_image","twitter_misc":{"Tiempo de lectura":"1 minuto"},"schema":{"@context":"https:\/\/schema.org","@graph":[{"@type":"WebPage","@id":"https:\/\/eventurismo.com.uy\/lotengoshop\/producto\/wellness-health\/terapias\/acompanamiento-en-tu-ciclicidad-femenina\/","url":"https:\/\/eventurismo.com.uy\/lotengoshop\/producto\/wellness-health\/terapias\/acompanamiento-en-tu-ciclicidad-femenina\/","name":"Acompa\u00f1amiento en tu Ciclicidad Femenina - A.B.I.T.U.","isPartOf":{"@id":"https:\/\/eventurismo.com.uy\/lotengoshop\/#website"},"primaryImageOfPage":{"@id":"https:\/\/eventurismo.com.uy\/lotengoshop\/producto\/wellness-health\/terapias\/acompanamiento-en-tu-ciclicidad-femenina\/#primaryimage"},"image":{"@id":"https:\/\/eventurismo.com.uy\/lotengoshop\/producto\/wellness-health\/terapias\/acompanamiento-en-tu-ciclicidad-femenina\/#primaryimage"},"thumbnailUrl":"https:\/\/eventurismo.com.uy\/lotengoshop\/wp-content\/uploads\/2025\/07\/5b1f07bd-2d01-4929-8229-a069e4047a6c.jpeg","datePublished":"2025-07-28T23:04:16+00:00","dateModified":"2026-03-09T12:56:27+00:00","breadcrumb":{"@id":"https:\/\/eventurismo.com.uy\/lotengoshop\/producto\/wellness-health\/terapias\/acompanamiento-en-tu-ciclicidad-femenina\/#breadcrumb"},"inLanguage":"es","potentialAction":[{"@type":"ReadAction","target":["https:\/\/eventurismo.com.uy\/lotengoshop\/producto\/wellness-health\/terapias\/acompanamiento-en-tu-ciclicidad-femenina\/"]}]},{"@type":"ImageObject","inLanguage":"es","@id":"https:\/\/eventurismo.com.uy\/lotengoshop\/producto\/wellness-health\/terapias\/acompanamiento-en-tu-ciclicidad-femenina\/#primaryimage","url":"https:\/\/eventurismo.com.uy\/lotengoshop\/wp-content\/uploads\/2025\/07\/5b1f07bd-2d01-4929-8229-a069e4047a6c.jpeg","contentUrl":"https:\/\/eventurismo.com.uy\/lotengoshop\/wp-content\/uploads\/2025\/07\/5b1f07bd-2d01-4929-8229-a069e4047a6c.jpeg","width":1080,"height":1320},{"@type":"BreadcrumbList","@id":"https:\/\/eventurismo.com.uy\/lotengoshop\/producto\/wellness-health\/terapias\/acompanamiento-en-tu-ciclicidad-femenina\/#breadcrumb","itemListElement":[{"@type":"ListItem","position":1,"name":"Portada","item":"https:\/\/eventurismo.com.uy\/lotengoshop\/"},{"@type":"ListItem","position":2,"name":"Plataforma Wellness","item":"https:\/\/eventurismo.com.uy\/lotengoshop\/tienda\/"},{"@type":"ListItem","position":3,"name":"Acompa\u00f1amiento en tu Ciclicidad Femenina"}]},{"@type":"WebSite","@id":"https:\/\/eventurismo.com.uy\/lotengoshop\/#website","url":"https:\/\/eventurismo.com.uy\/lotengoshop\/","name":"Lo Tengo shop","description":"Asociacion de Bienestar Integral y Transformaci\u00f3n del Uruguay","publisher":{"@id":"https:\/\/eventurismo.com.uy\/lotengoshop\/#organization"},"potentialAction":[{"@type":"SearchAction","target":{"@type":"EntryPoint","urlTemplate":"https:\/\/eventurismo.com.uy\/lotengoshop\/?s={search_term_string}"},"query-input":{"@type":"PropertyValueSpecification","valueRequired":true,"valueName":"search_term_string"}}],"inLanguage":"es"},{"@type":"Organization","@id":"https:\/\/eventurismo.com.uy\/lotengoshop\/#organization","name":"Lo Tengo shop","url":"https:\/\/eventurismo.com.uy\/lotengoshop\/","logo":{"@type":"ImageObject","inLanguage":"es","@id":"https:\/\/eventurismo.com.uy\/lotengoshop\/#\/schema\/logo\/image\/","url":"","contentUrl":"","caption":"Lo Tengo shop"},"image":{"@id":"https:\/\/eventurismo.com.uy\/lotengoshop\/#\/schema\/logo\/image\/"},"sameAs":["https:\/\/www.facebook.com\/lotengo.uy","https:\/\/www.instagram.com\/lotengo.uy\/"]}]}},"_links":{"self":[{"href":"https:\/\/eventurismo.com.uy\/lotengoshop\/wp-json\/wp\/v2\/product\/16820","targetHints":{"allow":["GET"]}}],"collection":[{"href":"https:\/\/eventurismo.com.uy\/lotengoshop\/wp-json\/wp\/v2\/product"}],"about":[{"href":"https:\/\/eventurismo.com.uy\/lotengoshop\/wp-json\/wp\/v2\/types\/product"}],"version-history":[{"count":1,"href":"https:\/\/eventurismo.com.uy\/lotengoshop\/wp-json\/wp\/v2\/product\/16820\/revisions"}],"predecessor-version":[{"id":16822,"href":"https:\/\/eventurismo.com.uy\/lotengoshop\/wp-json\/wp\/v2\/product\/16820\/revisions\/16822"}],"wp:featuredmedia":[{"embeddable":true,"href":"https:\/\/eventurismo.com.uy\/lotengoshop\/wp-json\/wp\/v2\/media\/16821"}],"wp:attachment":[{"href":"https:\/\/eventurismo.com.uy\/lotengoshop\/wp-json\/wp\/v2\/media?parent=16820"}],"wp:term":[{"taxonomy":"product_brand","embeddable":true,"href":"https:\/\/eventurismo.com.uy\/lotengoshop\/wp-json\/wp\/v2\/product_brand?post=16820"},{"taxonomy":"product_cat","embeddable":true,"href":"https:\/\/eventurismo.com.uy\/lotengoshop\/wp-json\/wp\/v2\/product_cat?post=16820"},{"taxonomy":"product_tag","embeddable":true,"href":"https:\/\/eventurismo.com.uy\/lotengoshop\/wp-json\/wp\/v2\/product_tag?post=16820"}],"curies":[{"name":"wp","href":"https:\/\/api.w.org\/{rel}","templated":true}]}}