{"id":16829,"date":"2025-07-28T20:26:50","date_gmt":"2025-07-28T23:26:50","guid":{"rendered":"https:\/\/eventurismo.com.uy\/lotengoshop\/?post_type=product&#038;p=16829"},"modified":"2026-03-09T09:55:26","modified_gmt":"2026-03-09T12:55:26","slug":"espacio-de-acompaniamiento","status":"publish","type":"product","link":"https:\/\/eventurismo.com.uy\/lotengoshop\/producto\/wellness-health\/terapias\/espacio-de-acompaniamiento\/","title":{"rendered":"Espacio de Acompa\u00f1amiento"},"content":{"rendered":"<p>Espacio de Acompa\u00f1amiento \u2013 Sesiones Personalizadas Online \ud83c\udf3f<\/p>\n<p>Te invito a transitar un proceso terap\u00e9utico profundo de 4 sesiones online (una por semana), donde trabajamos desde un enfoque integral del Ser, combinando herramientas terap\u00e9uticas para acompa\u00f1arte de forma aut\u00e9ntica y consciente.<\/p>\n<p>\ud83d\udd0d Realizamos una investigaci\u00f3n personalizada de tu caso y dise\u00f1amos una propuesta exclusiva para vos, con el objetivo de llegar a la ra\u00edz de lo que est\u00e1s atravesando y acompa\u00f1arte en tu camino de sanaci\u00f3n y transformaci\u00f3n.<\/p>\n<p>\u2728 Utilizamos distintas terapias como:<br \/>\nTapping EFT \u00b7 Biodecodificaci\u00f3n \u00b7 Medicina Cham\u00e1nica \u00b7 Arteterapia \u00b7 Medicina China \u00b7 Tarot Evolutivo \u00b7 y m\u00e1s.<\/p>\n<p>\ud83d\udcab Tratamos temas como:<br \/>\nEstr\u00e9s \u00b7 Ansiedad \u00b7 Relaciones \u00b7 Prop\u00f3sito \u00b7 Enfermedades con diagn\u00f3stico m\u00e9dico \u00b7 Ciclicidad femenina.<\/p>\n<p>Adem\u00e1s, en cada sesi\u00f3n recibir\u00e1s ejercicios y herramientas pr\u00e1cticas para aplicar en tu vida diaria con facilidad y consciencia.<\/p>\n","protected":false},"excerpt":{"rendered":"<p>Sesiones Personalizadas Online<\/p>\n<p>4 sesiones profundas de hasta 2 horas cada una (una por semana)<\/p>\n<p>\ud83d\udcc5 Horarios a coordinar<\/p>\n<p>\u23f3 Duraci\u00f3n del bono: 1 semana para agendarse luego de la compra<\/p>\n<p>\u2757 Cancelaciones con m\u00ednimo 24 hs de anticipaci\u00f3n, de lo contrario se pierde la sesi\u00f3n<\/p>\n","protected":false},"featured_media":16830,"template":"","meta":[],"product_brand":[],"product_cat":[107,84,111],"product_tag":[112],"class_list":{"0":"post-16829","1":"product","2":"type-product","3":"status-publish","4":"has-post-thumbnail","6":"product_cat-bienestar","7":"product_cat-terapias","8":"product_cat-wellness-health","9":"product_tag-terapias-alternativas","11":"first","12":"instock","13":"shipping-taxable","14":"purchasable","15":"product-type-simple"},"yoast_head":"<!-- This site is optimized with the Yoast SEO plugin v24.5 - https:\/\/yoast.com\/wordpress\/plugins\/seo\/ -->\n<title>Espacio de Acompa\u00f1amiento - A.B.I.T.U.<\/title>\n<meta name=\"robots\" content=\"index, follow, max-snippet:-1, max-image-preview:large, max-video-preview:-1\" \/>\n<link rel=\"canonical\" href=\"https:\/\/eventurismo.com.uy\/lotengoshop\/producto\/wellness-health\/terapias\/espacio-de-acompaniamiento\/\" \/>\n<meta property=\"og:locale\" content=\"es_ES\" \/>\n<meta property=\"og:type\" content=\"article\" \/>\n<meta property=\"og:title\" content=\"Espacio de Acompa\u00f1amiento - A.B.I.T.U.\" \/>\n<meta property=\"og:description\" content=\"Sesiones Personalizadas Online  4 sesiones profundas de hasta 2 horas cada una (una por semana)  \ud83d\udcc5 Horarios a coordinar  \u23f3 Duraci\u00f3n del bono: 1 semana para agendarse luego de la compra  \u2757 Cancelaciones con m\u00ednimo 24 hs de anticipaci\u00f3n, de lo contrario se pierde la sesi\u00f3n\" \/>\n<meta property=\"og:url\" content=\"https:\/\/eventurismo.com.uy\/lotengoshop\/producto\/wellness-health\/terapias\/espacio-de-acompaniamiento\/\" \/>\n<meta property=\"og:site_name\" content=\"A.B.I.T.U.\" \/>\n<meta property=\"article:publisher\" content=\"https:\/\/www.facebook.com\/lotengo.uy\" \/>\n<meta property=\"article:modified_time\" content=\"2026-03-09T12:55:26+00:00\" \/>\n<meta property=\"og:image\" content=\"https:\/\/eventurismo.com.uy\/lotengoshop\/wp-content\/uploads\/2025\/07\/28d5c186-e9da-4246-bfc5-b2c48b6556d5.jpeg\" \/>\n\t<meta property=\"og:image:width\" content=\"1131\" \/>\n\t<meta property=\"og:image:height\" content=\"1600\" \/>\n\t<meta property=\"og:image:type\" content=\"image\/jpeg\" \/>\n<meta name=\"twitter:card\" content=\"summary_large_image\" \/>\n<meta name=\"twitter:label1\" content=\"Tiempo de lectura\" \/>\n\t<meta name=\"twitter:data1\" content=\"1 minuto\" \/>\n<script type=\"application\/ld+json\" class=\"yoast-schema-graph\">{\"@context\":\"https:\/\/schema.org\",\"@graph\":[{\"@type\":\"WebPage\",\"@id\":\"https:\/\/eventurismo.com.uy\/lotengoshop\/producto\/wellness-health\/terapias\/espacio-de-acompaniamiento\/\",\"url\":\"https:\/\/eventurismo.com.uy\/lotengoshop\/producto\/wellness-health\/terapias\/espacio-de-acompaniamiento\/\",\"name\":\"Espacio de Acompa\u00f1amiento - A.B.I.T.U.\",\"isPartOf\":{\"@id\":\"https:\/\/eventurismo.com.uy\/lotengoshop\/#website\"},\"primaryImageOfPage\":{\"@id\":\"https:\/\/eventurismo.com.uy\/lotengoshop\/producto\/wellness-health\/terapias\/espacio-de-acompaniamiento\/#primaryimage\"},\"image\":{\"@id\":\"https:\/\/eventurismo.com.uy\/lotengoshop\/producto\/wellness-health\/terapias\/espacio-de-acompaniamiento\/#primaryimage\"},\"thumbnailUrl\":\"https:\/\/eventurismo.com.uy\/lotengoshop\/wp-content\/uploads\/2025\/07\/28d5c186-e9da-4246-bfc5-b2c48b6556d5.jpeg\",\"datePublished\":\"2025-07-28T23:26:50+00:00\",\"dateModified\":\"2026-03-09T12:55:26+00:00\",\"breadcrumb\":{\"@id\":\"https:\/\/eventurismo.com.uy\/lotengoshop\/producto\/wellness-health\/terapias\/espacio-de-acompaniamiento\/#breadcrumb\"},\"inLanguage\":\"es\",\"potentialAction\":[{\"@type\":\"ReadAction\",\"target\":[\"https:\/\/eventurismo.com.uy\/lotengoshop\/producto\/wellness-health\/terapias\/espacio-de-acompaniamiento\/\"]}]},{\"@type\":\"ImageObject\",\"inLanguage\":\"es\",\"@id\":\"https:\/\/eventurismo.com.uy\/lotengoshop\/producto\/wellness-health\/terapias\/espacio-de-acompaniamiento\/#primaryimage\",\"url\":\"https:\/\/eventurismo.com.uy\/lotengoshop\/wp-content\/uploads\/2025\/07\/28d5c186-e9da-4246-bfc5-b2c48b6556d5.jpeg\",\"contentUrl\":\"https:\/\/eventurismo.com.uy\/lotengoshop\/wp-content\/uploads\/2025\/07\/28d5c186-e9da-4246-bfc5-b2c48b6556d5.jpeg\",\"width\":1131,\"height\":1600},{\"@type\":\"BreadcrumbList\",\"@id\":\"https:\/\/eventurismo.com.uy\/lotengoshop\/producto\/wellness-health\/terapias\/espacio-de-acompaniamiento\/#breadcrumb\",\"itemListElement\":[{\"@type\":\"ListItem\",\"position\":1,\"name\":\"Portada\",\"item\":\"https:\/\/eventurismo.com.uy\/lotengoshop\/\"},{\"@type\":\"ListItem\",\"position\":2,\"name\":\"Plataforma Wellness\",\"item\":\"https:\/\/eventurismo.com.uy\/lotengoshop\/tienda\/\"},{\"@type\":\"ListItem\",\"position\":3,\"name\":\"Espacio de Acompa\u00f1amiento\"}]},{\"@type\":\"WebSite\",\"@id\":\"https:\/\/eventurismo.com.uy\/lotengoshop\/#website\",\"url\":\"https:\/\/eventurismo.com.uy\/lotengoshop\/\",\"name\":\"Lo Tengo shop\",\"description\":\"Asociacion de Bienestar Integral y Transformaci\u00f3n del Uruguay\",\"publisher\":{\"@id\":\"https:\/\/eventurismo.com.uy\/lotengoshop\/#organization\"},\"potentialAction\":[{\"@type\":\"SearchAction\",\"target\":{\"@type\":\"EntryPoint\",\"urlTemplate\":\"https:\/\/eventurismo.com.uy\/lotengoshop\/?s={search_term_string}\"},\"query-input\":{\"@type\":\"PropertyValueSpecification\",\"valueRequired\":true,\"valueName\":\"search_term_string\"}}],\"inLanguage\":\"es\"},{\"@type\":\"Organization\",\"@id\":\"https:\/\/eventurismo.com.uy\/lotengoshop\/#organization\",\"name\":\"Lo Tengo shop\",\"url\":\"https:\/\/eventurismo.com.uy\/lotengoshop\/\",\"logo\":{\"@type\":\"ImageObject\",\"inLanguage\":\"es\",\"@id\":\"https:\/\/eventurismo.com.uy\/lotengoshop\/#\/schema\/logo\/image\/\",\"url\":\"\",\"contentUrl\":\"\",\"caption\":\"Lo Tengo shop\"},\"image\":{\"@id\":\"https:\/\/eventurismo.com.uy\/lotengoshop\/#\/schema\/logo\/image\/\"},\"sameAs\":[\"https:\/\/www.facebook.com\/lotengo.uy\",\"https:\/\/www.instagram.com\/lotengo.uy\/\"]}]}<\/script>\n<!-- \/ Yoast SEO plugin. -->","yoast_head_json":{"title":"Espacio de Acompa\u00f1amiento - A.B.I.T.U.","robots":{"index":"index","follow":"follow","max-snippet":"max-snippet:-1","max-image-preview":"max-image-preview:large","max-video-preview":"max-video-preview:-1"},"canonical":"https:\/\/eventurismo.com.uy\/lotengoshop\/producto\/wellness-health\/terapias\/espacio-de-acompaniamiento\/","og_locale":"es_ES","og_type":"article","og_title":"Espacio de Acompa\u00f1amiento - A.B.I.T.U.","og_description":"Sesiones Personalizadas Online  4 sesiones profundas de hasta 2 horas cada una (una por semana)  \ud83d\udcc5 Horarios a coordinar  \u23f3 Duraci\u00f3n del bono: 1 semana para agendarse luego de la compra  \u2757 Cancelaciones con m\u00ednimo 24 hs de anticipaci\u00f3n, de lo contrario se pierde la sesi\u00f3n","og_url":"https:\/\/eventurismo.com.uy\/lotengoshop\/producto\/wellness-health\/terapias\/espacio-de-acompaniamiento\/","og_site_name":"A.B.I.T.U.","article_publisher":"https:\/\/www.facebook.com\/lotengo.uy","article_modified_time":"2026-03-09T12:55:26+00:00","og_image":[{"width":1131,"height":1600,"url":"https:\/\/eventurismo.com.uy\/lotengoshop\/wp-content\/uploads\/2025\/07\/28d5c186-e9da-4246-bfc5-b2c48b6556d5.jpeg","type":"image\/jpeg"}],"twitter_card":"summary_large_image","twitter_misc":{"Tiempo de lectura":"1 minuto"},"schema":{"@context":"https:\/\/schema.org","@graph":[{"@type":"WebPage","@id":"https:\/\/eventurismo.com.uy\/lotengoshop\/producto\/wellness-health\/terapias\/espacio-de-acompaniamiento\/","url":"https:\/\/eventurismo.com.uy\/lotengoshop\/producto\/wellness-health\/terapias\/espacio-de-acompaniamiento\/","name":"Espacio de Acompa\u00f1amiento - A.B.I.T.U.","isPartOf":{"@id":"https:\/\/eventurismo.com.uy\/lotengoshop\/#website"},"primaryImageOfPage":{"@id":"https:\/\/eventurismo.com.uy\/lotengoshop\/producto\/wellness-health\/terapias\/espacio-de-acompaniamiento\/#primaryimage"},"image":{"@id":"https:\/\/eventurismo.com.uy\/lotengoshop\/producto\/wellness-health\/terapias\/espacio-de-acompaniamiento\/#primaryimage"},"thumbnailUrl":"https:\/\/eventurismo.com.uy\/lotengoshop\/wp-content\/uploads\/2025\/07\/28d5c186-e9da-4246-bfc5-b2c48b6556d5.jpeg","datePublished":"2025-07-28T23:26:50+00:00","dateModified":"2026-03-09T12:55:26+00:00","breadcrumb":{"@id":"https:\/\/eventurismo.com.uy\/lotengoshop\/producto\/wellness-health\/terapias\/espacio-de-acompaniamiento\/#breadcrumb"},"inLanguage":"es","potentialAction":[{"@type":"ReadAction","target":["https:\/\/eventurismo.com.uy\/lotengoshop\/producto\/wellness-health\/terapias\/espacio-de-acompaniamiento\/"]}]},{"@type":"ImageObject","inLanguage":"es","@id":"https:\/\/eventurismo.com.uy\/lotengoshop\/producto\/wellness-health\/terapias\/espacio-de-acompaniamiento\/#primaryimage","url":"https:\/\/eventurismo.com.uy\/lotengoshop\/wp-content\/uploads\/2025\/07\/28d5c186-e9da-4246-bfc5-b2c48b6556d5.jpeg","contentUrl":"https:\/\/eventurismo.com.uy\/lotengoshop\/wp-content\/uploads\/2025\/07\/28d5c186-e9da-4246-bfc5-b2c48b6556d5.jpeg","width":1131,"height":1600},{"@type":"BreadcrumbList","@id":"https:\/\/eventurismo.com.uy\/lotengoshop\/producto\/wellness-health\/terapias\/espacio-de-acompaniamiento\/#breadcrumb","itemListElement":[{"@type":"ListItem","position":1,"name":"Portada","item":"https:\/\/eventurismo.com.uy\/lotengoshop\/"},{"@type":"ListItem","position":2,"name":"Plataforma Wellness","item":"https:\/\/eventurismo.com.uy\/lotengoshop\/tienda\/"},{"@type":"ListItem","position":3,"name":"Espacio de Acompa\u00f1amiento"}]},{"@type":"WebSite","@id":"https:\/\/eventurismo.com.uy\/lotengoshop\/#website","url":"https:\/\/eventurismo.com.uy\/lotengoshop\/","name":"Lo Tengo shop","description":"Asociacion de Bienestar Integral y Transformaci\u00f3n del Uruguay","publisher":{"@id":"https:\/\/eventurismo.com.uy\/lotengoshop\/#organization"},"potentialAction":[{"@type":"SearchAction","target":{"@type":"EntryPoint","urlTemplate":"https:\/\/eventurismo.com.uy\/lotengoshop\/?s={search_term_string}"},"query-input":{"@type":"PropertyValueSpecification","valueRequired":true,"valueName":"search_term_string"}}],"inLanguage":"es"},{"@type":"Organization","@id":"https:\/\/eventurismo.com.uy\/lotengoshop\/#organization","name":"Lo Tengo shop","url":"https:\/\/eventurismo.com.uy\/lotengoshop\/","logo":{"@type":"ImageObject","inLanguage":"es","@id":"https:\/\/eventurismo.com.uy\/lotengoshop\/#\/schema\/logo\/image\/","url":"","contentUrl":"","caption":"Lo Tengo shop"},"image":{"@id":"https:\/\/eventurismo.com.uy\/lotengoshop\/#\/schema\/logo\/image\/"},"sameAs":["https:\/\/www.facebook.com\/lotengo.uy","https:\/\/www.instagram.com\/lotengo.uy\/"]}]}},"_links":{"self":[{"href":"https:\/\/eventurismo.com.uy\/lotengoshop\/wp-json\/wp\/v2\/product\/16829","targetHints":{"allow":["GET"]}}],"collection":[{"href":"https:\/\/eventurismo.com.uy\/lotengoshop\/wp-json\/wp\/v2\/product"}],"about":[{"href":"https:\/\/eventurismo.com.uy\/lotengoshop\/wp-json\/wp\/v2\/types\/product"}],"version-history":[{"count":2,"href":"https:\/\/eventurismo.com.uy\/lotengoshop\/wp-json\/wp\/v2\/product\/16829\/revisions"}],"predecessor-version":[{"id":16832,"href":"https:\/\/eventurismo.com.uy\/lotengoshop\/wp-json\/wp\/v2\/product\/16829\/revisions\/16832"}],"wp:featuredmedia":[{"embeddable":true,"href":"https:\/\/eventurismo.com.uy\/lotengoshop\/wp-json\/wp\/v2\/media\/16830"}],"wp:attachment":[{"href":"https:\/\/eventurismo.com.uy\/lotengoshop\/wp-json\/wp\/v2\/media?parent=16829"}],"wp:term":[{"taxonomy":"product_brand","embeddable":true,"href":"https:\/\/eventurismo.com.uy\/lotengoshop\/wp-json\/wp\/v2\/product_brand?post=16829"},{"taxonomy":"product_cat","embeddable":true,"href":"https:\/\/eventurismo.com.uy\/lotengoshop\/wp-json\/wp\/v2\/product_cat?post=16829"},{"taxonomy":"product_tag","embeddable":true,"href":"https:\/\/eventurismo.com.uy\/lotengoshop\/wp-json\/wp\/v2\/product_tag?post=16829"}],"curies":[{"name":"wp","href":"https:\/\/api.w.org\/{rel}","templated":true}]}}